c = 4. Suppose -w*v = -h - 77, -4*v + 3*v - 2*h + 26 = 0. Suppose a + 646 = v*a. What are the prime factors of a?
2, 17
Suppose -4*b - 5*o + 4 = -6, -15 = -b + 5*o. Suppose 0 = b*u - 3*j - 147, -2*u + 2*j + 88 = u. Suppose 4*d - u - 2 = 0. What are the prime factors of d?
2
Let l(z) = -8*z - 37. Suppose 60 - 128 = -k. Suppose -9*g = k + 4. List the prime factors of l(g).
3
Suppose -6*w + 33 = -201. Suppose 5*n - 69 = -g, -3*g + w = n + 2*n. Let i(p) = p**3 - 13*p**2 + 4*p + 2. What are the prime factors of i(n)?
2, 127
Suppose -3*q + 3 = 5*v, -2*q - 3*v - 3 = -6. Suppose 18*w = -q*w + 6024. List the prime factors of w.
251
Let c(a) = a**3 - 27*a**2 + 30*a - 76. Let j be c(26). Suppose 44*o - j*o - 5296 = 0. What are the prime factors of o?
331
Suppose -a + 4*a + q - 2483 = 0, -q + 3311 = 4*a. Suppose 537 = 5*w - a. What are the prime factors of w?
3, 7, 13
Suppose 3*t + 61762 = 6*t - 5*y, 5*y + 41178 = 2*t. What are the prime factors of t?
2, 31, 83
Let f = 40 + -35. Suppose -2*c + 14 = f*c. Suppose c*d + 3*y = y + 162, 0 = -4*y. List the prime factors of d.
3
Let l = 107 - -540. Suppose t - 4*t + l = 5*i, 0 = -2*i + 8. What are the prime factors of t?
11, 19
Suppose -8*x = -5*x - 258. Suppose 5*h - x = 159. What are the prime factors of h?
7
Let m(v) = 3*v - 12. Let d be m(2). List the prime factors of (-158)/(3/(-3)) + d.
2, 19
Suppose 24264 = -4377*v + 4380*v. List the prime factors of v.
2, 3, 337
Let y be 24/(-40) + 1686/(-15). Let b = -14 - y. Let t = -82 + b. What are the prime factors of t?
17
Let i(o) = -2*o**3 + 228*o**2 + 2*o - 6. What are the prime factors of i(113)?
2, 3, 53
Suppose 0 = -x + 4*q + 1450, -x + 0*x + q + 1444 = 0. List the prime factors of (x - 4) + (-55)/(-11).
3, 13, 37
Let f(m) = -m**3 + 23*m**2 - 16*m - 2. Let c be f(11). Suppose o + c = 4*i, -o + 3 - 5 = 0. List the prime factors of i.
2, 3, 53
Suppose -4*z = -5*j - 5, -3*z + 52 - 25 = 4*j. Suppose b - 5*x = -j*x + 906, 0 = -4*b + 5*x + 3612. List the prime factors of b.
2, 449
Let t(q) = -1903*q - 74. List the prime factors of t(-4).
2, 3769
Let p = -6 + 6. Suppose p*m - 3*k = 4*m - 18, -6 = 3*k. Suppose -m*f = -0*f - 810. What are the prime factors of f?
3, 5
What are the prime factors of 3*3/(-18)*-4 + 7227?
7229
Let t be -2 + 0 + (-10)/(-2). Let v be ((-44)/(-6))/(t/(39 + -3)). Suppose -2*r + 2*c + v = -0*r, -4 = -c. List the prime factors of r.
2, 3
What are the prime factors of (-55 - -24 - -21) + 9702?
2, 2423
List the prime factors of (-13)/((-351)/728694)*3/2.
40483
Let a = 1370 - 1356. Let n = -7 + 19. Suppose n*i = a*i - 208. List the prime factors of i.
2, 13
List the prime factors of (422/4)/(4564/504 - 9).
3, 211
Let z(g) = -g**3 - 7*g**2 + 7*g - 6. Let q be z(-8). Let a(k) = -190 - 2*k**2 + 190 + q*k - k**3. List the prime factors of a(-3).
3
Suppose 84*b - 134303 - 126974 = -7177. What are the prime factors of b?
5, 11
Let a(k) = 12*k - 10. Let y be a(2). Suppose -2*w = -20 + y. Suppose j - 4*j = w*v - 219, -3*v = -3*j - 219. What are the prime factors of v?
73
Suppose 32 = 3*v - 49. Let q be (3/(-4))/(((-96)/16)/24). Suppose -q*t - v + 714 = 0. What are the prime factors of t?
229
Suppose -5*i + 6 = -3*a - 0, -i - 2*a = -9. Suppose s + 2 = 5*d - 30, -i*d = -s - 24. List the prime factors of (-12)/(-16) - 639/s.
2, 3
Suppose 4*o - 3 = 37. Let a be o*((-196)/25)/(8/20). Let f = -92 - a. What are the prime factors of f?
2, 13
Suppose 400 = 6*f - 4*f. Suppose -37*b + 39*b - f = 0. Suppose 14*n - 10*n - b = 0. What are the prime factors of n?
5
Let q(t) = -t**3 + 21*t**2 - 11*t - 39. Suppose -l - 3*c = -32, -3*l + 77 = 4*c + 1. List the prime factors of q(l).
3, 47
What are the prime factors of (268/6)/(200/80400)?
2, 67
Suppose -3*u + 5*u - 502 = 0. Suppose -u = -2*c + 5*b, 2*b - 6 + 132 = c. Let k = -6 + c. What are the prime factors of k?
2, 61
Suppose 0 = 3*z + 5*h + 642, -3*z + 2*z - 224 = 5*h. Let f = 301 + z. Suppose -448 = -4*l - f. What are the prime factors of l?
89
Suppose 5*x + 518 = 3*p, 5*x + 6*p - p + 550 = 0. Suppose -4*o + 2*o - 3*s = -494, 0 = -4*o - 2*s + 1004. Let m = o + x. What are the prime factors of m?
3, 7
List the prime factors of ((-216)/90)/((-9)/36780).
2, 613
Let f be -20*(19/(-5) + 6 + -3). Let q(g) = 86*g - 102. List the prime factors of q(f).
2, 7, 13
Let y(r) = -1399*r + 177. List the prime factors of y(-41).
2, 29, 31
Let h = 5159 - -1091. Suppose 670 = -6*i + h. List the prime factors of i.
2, 3, 5, 31
Let i(s) = -s**2 - 2*s - 164. Let y be i(0). Let n = y - -348. What are the prime factors of n?
2, 23
Suppose -8*b + 111 = -5*b. Suppose -3*z + 8 + b = 0. List the prime factors of z/10 - 333/(-6).
3, 19
Suppose -3*i = 5*m - 6619, -200*m = -195*m - 3*i - 6631. What are the prime factors of m?
5, 53
Suppose 0 = 5*b + 5*d - 9*d - 53888, 0 = 4*b + 4*d - 43096. List the prime factors of b.
2, 3, 449
Let y(h) = 108*h**2 + 44*h - 16. Let u be y(7). Suppose -3*v - 13*v + u = 0. List the prime factors of v.
349
Let i = -152 - -163. Suppose 5349 = i*b + 1268. What are the prime factors of b?
7, 53
Suppose 2*k - 8 = 22. Let w = k + -16. What are the prime factors of (-1)/w*((-8 - -2) + 107)?
101
Suppose 1 = -2*c + i, -3*i - 2*i + 5 = c. Suppose c = -5*a - 479 + 2589. List the prime factors of a.
2, 211
Let w(a) be the third derivative of a**5/60 + 11*a**4/24 + 4*a**3/3 + a**2. Let f be w(-10). What are the prime factors of (-2256)/(-30) + (f/(-5))/(-2)?
3, 5
Let v = 65 + -45. Suppose 0 = 4*s + 3*y - 5, -v = -4*y + 8*y. Suppose 6*r - 119 = s*r. List the prime factors of r.
7, 17
Let v = -6018 - -51573. List the prime factors of v.
3, 5, 3037
Let a(q) = -q**3 + 16*q + 2. Let b be a(-4). Suppose -5*k + 730 = 2*c, -b*k + 454 = -5*c + 133. What are the prime factors of k?
2, 37
Suppose 3*a = 2*m - 3730, -6*m + 2*m - 3*a + 7478 = 0. List the prime factors of m.
2, 467
List the prime factors of (5/10 - (-527421)/(-6))*(-5 - -4).
3, 9767
Suppose 22 + 228 = -2*t + 5*m, 4*t - 3*m + 514 = 0. Let w = t - -428. What are the prime factors of w?
2, 149
Suppose 4*j + d - 13 = 0, j + 2*d + 7 = 4*j. Suppose 0 = -j*i + 194 - 50. Let u = i - 14. List the prime factors of u.
2, 17
Let h(t) = 0*t**3 - 3*t + t**3 + 110 + 305 - 92. List the prime factors of h(0).
17, 19
Suppose 5*o + 3343 + 1188 = 2*r, -4*o = 4. Suppose -10933 + r = -10*d. What are the prime factors of d?
3, 17
Let r = -12663 - -21135. What are the prime factors of r?
2, 3, 353
Suppose 0 = -3*q - 28 - 26. Let w = 23 + q. Let x(m) = m**3 - 5*m**2 + 3*m + 3. List the prime factors of x(w).
2, 3
What are the prime factors of (-4017)/2*(-104 - -102)?
3, 13, 103
Suppose -8*n + 17082 = 16*n - 901854. List the prime factors of n.
3, 12763
Suppose -3*z + 5*w + 48757 + 3447 = 0, -69567 = -4*z - w. What are the prime factors of z?
17393
Let t(r) = 16*r**2 - 43*r - 379. What are the prime factors of t(-13)?
2, 7, 103
Let f be (505/2 - -4)*(-58828)/21. What are the prime factors of (-4)/58 - f/551?
2, 163
Let v = 1870 - 1289. Let q = 1236 - v. What are the prime factors of q?
5, 131
Let u = 122 + -122. Suppose u = -21*p + 31*p - 200. List the prime factors of p.
2, 5
Let j = 52048 + -11733. List the prime factors of j.
5, 11, 733
What are the prime factors of (-650160)/(-165) - 8/22?
2, 5, 197
Let n = 24676 + -10409. What are the prime factors of n?
11, 1297
Let h = 1934 + -767. List the prime factors of h.
3, 389
Let a(m) = -m**2 - 9*m - 3. Let h be a(-6). What are the prime factors of 2/h - (35092/(-60) + 5)?
2, 5, 29
Let c = 11843 - 596. List the prime factors of c.
3, 23, 163
Suppose 0*x = 5*x. Suppose 13*h - 126 - 394 = 0. Suppose x = -h*a + 35*a + 505. List the prime factors of a.
101
Suppose -m = -s - 1634, 0*s - 5*m = -2*s - 3280. Let v = 3641 + s. What are the prime factors of v?
2011
Let a(s) = -s**3 + 11*s**2 + 2*s - 6. Suppose -4*x = x - 40. Let q be a(x). Suppose i - q = -4*k, 2*k + 3*i + 15 - 111 = 0. List the prime factors of k.
3, 17
Let b(d) = -d**2 - 10*d - 19. Suppose -4*y = -0*y - 2*f + 22, 4*y - 3*f = -23. Let m be b(y). List the prime factors of (-620)/15*(m/4)/(-1).
2, 31
Let y(h) be the second derivative of h**4/2 - 13*h**3/6 - 11*h**2 - 30*h. What are the prime factors of y(-7)?
3, 11
Let u = -20829 + 35202. What are the prime factors of u?
3, 1597
Let d be 77/7 - 